 352367
List the prime factors of 531219490.
2, 5, 53121949
List the prime factors of 242961884.
2, 11, 29, 190409
List the prime factors of 494606292.
2, 3, 101, 408091
What are the prime factors of 105310337?
11, 1439, 6653
What are the prime factors of 340351114?
2, 1657, 102701
What are the prime factors of 129267969?
3, 2213, 19471
List the prime factors of 4522984322.
2, 2261492161
What are the prime factors of 34576664?
2, 131, 32993
What are the prime factors of 1041861686?
2, 103, 197, 25673
List the prime factors of 367188948.
2, 3, 7, 41, 5077
List the prime factors of 57087684.
2, 3, 1585769
What are the prime factors of 61865429?
31, 101, 19759
List the prime factors of 55571531.
47, 271, 4363
What are the prime factors of 62950592?
2, 17, 57859
What are the prime factors of 268318776?
2, 3, 11, 1016359
List the prime factors of 389275386.
2, 3, 307, 211333
List the prime factors of 1118223576.
2, 3, 5176961
What are the prime factors of 703433564?
2, 23, 7646017
What are the prime factors of 114901557?
3, 41, 934159
What are the prime factors of 1583661746?
2, 83, 1913, 4987
List the prime factors of 404809920.
2, 3, 5, 46853
What are the prime factors of 62902630?
2, 5, 7, 379, 2371
What are the prime factors of 21709772?
2, 7, 775349
What are the prime factors of 6799723124?
2, 1699930781
List the prime factors of 8879801442.
2, 3, 1543, 959149
List the prime factors of 385092188.
2, 13, 569663
List the prime factors of 2493271624.
2, 311658953
List the prime factors of 60999267.
3, 7, 29, 41, 349
What are the prime factors of 15321111?
3, 13, 392849
List the prime factors of 957476547.
3, 1699, 62617
List the prime factors of 8892410632.
2, 7, 22684721
What are the prime factors of 142459447?
13, 23, 523, 911
List the prime factors of 192659079.
3, 17, 31, 233, 523
List the prime factors of 214682109.
3, 41, 181, 9643
List the prime factors of 45216127.
11, 73, 5119
What are the prime factors of 72359321?
29, 2495149
List the prime factors of 2001508110.
2, 3, 5, 7, 1058999
List the prime factors of 408482775.
3, 5, 37, 139, 353
What are the prime factors of 14337004?
2, 11, 23, 31, 457
What are the prime factors of 51394131?
3, 71, 80429
List the prime factors of 1143273144.
2, 3, 13, 23, 159319
List the prime factors of 25164213.
3, 8388071
What are the prime factors of 35663056?
2, 11, 13, 109
What are the prime factors of 35274269?
17, 2074957
List the prime factors of 2305790839.
11, 209617349
What are the prime factors of 907550228?
2, 13, 17452889
What are the prime factors of 596869427?
7, 11, 7751551
What are the prime factors of 37932869?
13, 2917913
List the prime factors of 813960549.
3, 163, 184949
List the prime factors of 1030605277.
13, 19, 29, 143879
What are the prime factors of 1732730001?
3, 23, 263, 95483
What are the prime factors of 1650972?
2, 3, 17, 8093
What are the prime factors of 148601160?
2, 3, 5, 23, 131, 137
What are the prime factors of 3819566891?
7, 43, 757, 16763
List the prime factors of 2525509524.
2, 3, 67, 701, 4481
List the prime factors of 726669569.
181, 4014749
What are the prime factors of 218175162?
2, 3, 37, 61, 16111
What are the prime factors of 37042523?
7, 5291789
What are the prime factors of 198747927?
3, 7, 3154729
List the prime factors of 120802850.
2, 5, 7, 17, 79, 257
What are the prime factors of 70132902?
2, 3, 7, 449, 3719
List the prime factors of 130065010.
2, 5, 13006501
What are the prime factors of 127917718?
2, 31, 71, 29059
List the prime factors of 510454961.
41, 59, 89, 2371
What are the prime factors of 38787316?
2, 9696829
List the prime factors of 284332816.
2, 17770801
List the prime factors of 396210191.
13, 2344439
What are the prime factors of 32604989?
953, 34213
List the prime factors of 49886374.
2, 3881, 6427
What are the prime factors of 600994307?
600994307
What are the prime factors of 1981581331?
53, 4177, 8951
List the prime factors of 29501795.
5, 1021, 5779
List the prime factors of 2504552826.
2, 3, 47, 8881393
List the prime factors of 80961922.
2, 17, 467, 5099
What are the prime factors of 119887604?
2, 17, 137, 757
What are the prime factors of 12481290?
2, 3, 5, 19, 811
What are the prime factors of 1634873125?
5, 2615797
What are the prime factors of 1629755778?
2, 3, 7, 5543387
What are the prime factors of 51274521?
3, 19, 23, 13037
List the prime factors of 1069680065.
5, 2477, 86369
What are the prime factors of 2677744292?
2, 701, 954973
What are the prime factors of 181178034?
2, 3, 19, 1589281
List the prime factors of 681233893.
509, 1338377
List the prime factors of 88061140.
2, 5, 4403057
List the prime factors of 211930527.
3, 71, 907, 1097
What are the prime factors of 51523699?
1669, 30871
What are the prime factors of 63432545?
5, 11, 19, 101, 601
List the prime factors of 5006720781.
3, 41, 43, 107, 983
What are the prime factors of 3294400009?
23, 163, 503, 1747
List the prime factors of 302133261.
3, 2731, 36877
What are the prime factors of 153709676?
2, 73, 7211
What are the prime factors of 13158160?
2, 5, 164477
List the prime factors of 679248774.
2, 3, 12578681
List the prime factors of 273673434.
2, 3, 1657, 27527
List the prime factors of 104975058.
2, 3, 2683, 6521
What are the prime factors of 12187848?
2, 3, 507827
What are the prime factors of 476789608?
2, 1193, 49957
What are the prime factors of 724053995?
5, 7, 19, 43, 25321
What are the prime factors of 147680439?
3, 47, 1047379
List the prime factors of 65695038.
2, 3, 17, 23, 41, 683
List the prime factors of 735596894.
2, 19, 1237, 15649
What are the prime factors of 94084453?
2411, 39023
What are the prime factors of 835381902?
2, 3, 179, 569, 1367
What are the prime factors of 15671080?
2, 5, 401, 977
List the prime factors of 43653690.
2, 3, 5, 485041
List the prime factors of 584655798.
2, 3, 97442633
List the prime factors of 3673032194.
2, 13, 331, 426799
What are the prime factors of 184731117?
3, 41, 1051, 1429
List the prime factors of 4492602.
2, 3, 249589
List the prime factors of 675150557.
641, 877, 1201
List the prime factors of 1035741856.
2, 32366933
What are the prime factors of 432109231?
432109231
List the prime factors of 117822413.
31, 3800723
What are the prime factors of 295942259?
139, 661, 3221
List the prime factors of 67016093.
5749, 11657
List the prime factors of 3016746893.
109, 1319, 20983
What are the prime factors of 37453094?
2, 7, 29, 3181
List the prime factors of 1491804167.
7, 29, 1049827
List the prime factors of 218439243.
3, 11, 200587
List the prime factors of 749256237.
3, 3083359
What are the prime factors of 438477776?
2, 11, 2491351
List the prime factors of 660880144.
2, 41305009
List the prime factors of 735862573.
59, 12472247
List the prime factors of 350563078.
2, 29, 6044191
What are the prime factors of 557134826?
2, 37, 97, 77617
List the prime factors of 21968566.
2, 10984283
List the prime factors of 1664141151.
3, 43, 3049, 4231
List the prime factors of 60348322.
2, 547, 55163
What are the prime factors of 116730382?
2, 23, 97, 26161
What are the prime factors of 764000621?
17, 19, 29, 81563
List the prime factors of 791919470.
2, 5, 79191947
What are the prime factors of 1163278323?
3, 129253147
List the prime factors of 1144420.
2, 5, 57221
What are the prime factors of 3850242804?
2, 3, 1669, 64081
What are the prime factors of 26006379?
3, 7, 17, 97, 751
List the prime factors of 1336306350.
2, 3, 5, 47, 189547
What are the prime factors of 70504251?
3, 193, 263, 463
What are the prime factors of 280503401?
37, 53, 313, 457
What are the prime factors of 4418615072?
2, 19, 7267459
What are the prime factors of 246601357?
1163, 212039
List the prime factors of 764915701.
11, 69537791
List the prime factors of 1588677454.
2, 7, 13, 239, 36523
List the prime factors of 434839574.
2, 13, 16724599
List the prime factors of 222265038.
2, 3, 17, 353, 6173
List the prime factors of 2984650803.
3, 331627867
List the prime factors of 81175446.
2, 3, 11, 45553
What are the prime factors of 3477218684?
2, 647, 1343593
List the prime factors of 456635721.
3, 19, 23, 79, 4409
What are the prime factors of 197431718?
2, 11, 8974169
What are the prime factors of 7352500922?
2, 13, 61, 4635877
List